{"id":372,"date":"2021-05-26T13:42:51","date_gmt":"2021-05-26T13:42:51","guid":{"rendered":"http:\/\/www.voea.at\/?page_id=372"},"modified":"2023-02-20T15:50:42","modified_gmt":"2023-02-20T15:50:42","slug":"datenschutz","status":"publish","type":"page","link":"https:\/\/www.voea.at\/index.php\/datenschutz\/","title":{"rendered":"Datenschutz"},"content":{"rendered":"\n<p>Gem\u00e4\u00df den Bestimmungen der seit 25. Mai 2018 geltenden EU-Verordnung Nr. 2016\/679 zum Schutz nat\u00fcrlicher Personen bei der Verarbeitung personenbezogener Daten, zum freien Datenverkehr und zur Aufhebung der Richtlinie 95\/46\/EG (EU-Datenschutz Grundverordnung) teilen wir Ihnen mit, dass die von Ihnen im Zuge des Beitritts zum Verband \u00d6sterreichischer Archivarinnen und Archivare (V\u00d6A)  bekanntgegebenen Daten ausschlie\u00dflich zum Zweck der F\u00fchrung der Mitgliederdatenbank und der Verbandschronik sowie zur Bewerbung von Veranstaltungen bzw. der \u00dcbermittlung von Mitgliederaussendungen entsprechend den Statuten des Verbandes verarbeitet werden.<br>Die Bereitstellung Ihrer Daten ist ausschlie\u00dflich f\u00fcr die Erf\u00fcllung des Verbandszwecks notwendig. Es handelt sich dabei um Name, Adresse, E-Mailadresse, Institution, Zeitraum Ihrer Mitgliedschaft, Mitgliedsbeitrag und Funktionen im Verband. Ihre Daten werden nicht an Dritte weitergegeben. Ihre Daten werden nicht f\u00fcr automatisierte Entscheidungsfindungen einschlie\u00dflich Profiling (Datenanalyse zu Nutzerverhalten, Gewohnheiten, Pr\u00e4ferenzen etc.) verarbeitet. Nach Ihrem Ausscheiden aus dem Verband<br>bleiben Ihr Name, die Institution, der Zeitraum Ihrer Mitgliedschaft sowie die Funktion im Verband zur Erstellung der V\u00d6A-Chronik gespeichert. Sie haben jederzeit das Recht auf Auskunft \u00fcber die gespeicherten Daten, das Recht auf Berichtigung, L\u00f6schung und Einschr\u00e4nkung der Verarbeitung der Daten sowie ein Widerspruchsrecht gegen die Verarbeitung der Daten. <\/p>\n\n\n\n<p>Beitr\u00e4ge auf dieser Website k\u00f6nnen eingebettete Inhalte von externen Anbietern beinhalten (z.\u00a0B. Videos, Fonts, Bilder, Social-Media-Beitr\u00e4ge etc.). Eingebettete Inhalte von anderen Websites verhalten sich exakt so, als ob der Besucher die andere Website besucht h\u00e4tte.<\/p>\n\n\n\n<p>Diese Websites k\u00f6nnen Daten \u00fcber dich sammeln, Cookies benutzen, zus\u00e4tzliche Tracking-Dienste von Dritten einbetten und deine Interaktion mit diesem eingebetteten Inhalt aufzeichnen, inklusive deiner Interaktion mit dem eingebetteten Inhalt, falls du ein Konto hast und auf dieser Website angemeldet bist.<\/p>\n\n\n\n<p>Bitte wenden Sie sich hierf\u00fcr an den Verband \u00d6sterreichischer Archivarinnen und Archivare, p.A. Wiener Stadt- und Landesarchiv, Guglgasse 14, Gasometer D, A-1110 Wien, E-Mailadresse: <a href=\"mailto:sekretariat@voea.at\">sekretariat@voea.at<\/a>.<br>Durch Ihre Unterschrift auf dem Beitrittsformular nehmen Sie die Datenschutzbestimmungen zur Kenntnis und stimmen der Verarbeitung Ihrer Daten zu.<\/p>\n","protected":false},"excerpt":{"rendered":"<p>Gem\u00e4\u00df den Bestimmungen der seit 25. Mai 2018 geltenden EU-Verordnung Nr. 2016\/679 zum Schutz nat\u00fcrlicher Personen bei der Verarbeitung personenbezogener Daten, zum freien Datenverkehr und zur Aufhebung der Richtlinie 95\/46\/EG (EU-Datenschutz Grundverordnung) teilen wir Ihnen mit, dass die von Ihnen im Zuge des Beitritts zum Verband \u00d6sterreichischer Archivarinnen und Archivare (V\u00d6A) bekanntgegebenen Daten ausschlie\u00dflich zum [&hellip;]<\/p>\n","protected":false},"author":1,"featured_media":0,"parent":0,"menu_order":0,"comment_status":"closed","ping_status":"closed","template":"","meta":{"footnotes":""},"class_list":["post-372","page","type-page","status-publish","hentry"],"publishpress_future_action":{"enabled":false,"date":"2026-04-22 22:58:34","action":"change-status","newStatus":"draft","terms":[],"taxonomy":"","extraData":[]},"publishpress_future_workflow_manual_trigger":{"enabledWorkflows":[]},"_links":{"self":[{"href":"https:\/\/www.voea.at\/index.php\/wp-json\/wp\/v2\/pages\/372","targetHints":{"allow":["GET"]}}],"collection":[{"href":"https:\/\/www.voea.at\/index.php\/wp-json\/wp\/v2\/pages"}],"about":[{"href":"https:\/\/www.voea.at\/index.php\/wp-json\/wp\/v2\/types\/page"}],"author":[{"embeddable":true,"href":"https:\/\/www.voea.at\/index.php\/wp-json\/wp\/v2\/users\/1"}],"replies":[{"embeddable":true,"href":"https:\/\/www.voea.at\/index.php\/wp-json\/wp\/v2\/comments?post=372"}],"version-history":[{"count":0,"href":"https:\/\/www.voea.at\/index.php\/wp-json\/wp\/v2\/pages\/372\/revisions"}],"wp:attachment":[{"href":"https:\/\/www.voea.at\/index.php\/wp-json\/wp\/v2\/media?parent=372"}],"curies":[{"name":"wp","href":"https:\/\/api.w.org\/{rel}","templated":true}]}}