{"id":1195,"date":"2021-08-12T18:49:58","date_gmt":"2021-08-12T18:49:58","guid":{"rendered":"http:\/\/www.voea.at\/?page_id=1195"},"modified":"2026-04-09T07:29:53","modified_gmt":"2026-04-09T07:29:53","slug":"tag-der-archive-2026","status":"publish","type":"page","link":"https:\/\/www.voea.at\/index.php\/tag-der-archive-2026\/","title":{"rendered":"Tag der Archive 2026"},"content":{"rendered":"\n<p><strong>Der Vorstand des V\u00d6A l\u00e4dt alle \u00f6sterreichischen Archivinstitutionen ein, zahlreich an der Aktion &#8222;Tag der Archive&#8220; teilzunehmen!<\/strong><\/p>\n\n\n\n<p>F\u00fcr die Ank\u00fcndigung Ihrer Aktivit\u00e4ten stellen wir auch 2026 wieder die Plakatvorlage des Verbandes, die ausreichend Platz f\u00fcr eigene Texte, Logos und Bilder bietet und im Sinne eines gemeinsamen Auftritts verwendet werden soll, als Word-Datei zum <a href=\"https:\/\/www.voea.at\/wp-content\/uploads\/2026\/03\/VOeA_Plakat-Internationaler-Archivtag_Webvorlage-oesterr-Archive-2026.docx\" data-type=\"attachment\" data-id=\"4691\" target=\"_blank\" rel=\"noreferrer noopener\">Download<\/a> zur Verf\u00fcgung.<\/p>\n\n\n\n<p>Gerne stellen wir Ihre Einladungen und Programme zum Tag der Archive auch auf der V\u00d6A-Homepage online. Bitte senden Sie diese dazu an <a href=\"mailto:sekretariat@voea.at\">sekretariat@voea.at<\/a>. Wir freuen uns auf zahlreiche Teilnahme und w\u00fcnschen allen veranstaltenden Archiven viel Erfolg und regen Zuspruch bei Ihren Aktivit\u00e4ten!<\/p>\n\n\n\n<div style=\"height:100px\" aria-hidden=\"true\" class=\"wp-block-spacer\"><\/div>\n\n\n\n<div class=\"wp-block-columns is-layout-flex wp-container-core-columns-is-layout-9d6595d7 wp-block-columns-is-layout-flex\">\n<div class=\"wp-block-column is-layout-flow wp-block-column-is-layout-flow\">\n<figure class=\"wp-block-image size-large\"><img loading=\"lazy\" decoding=\"async\" width=\"724\" height=\"1024\" src=\"http:\/\/www.voea.at\/wp-content\/uploads\/2026\/03\/VOeA_Plakat-Internationaler-Archivtag-Vorlage-1-724x1024.jpg\" alt=\"\" class=\"wp-image-4692\" srcset=\"https:\/\/www.voea.at\/wp-content\/uploads\/2026\/03\/VOeA_Plakat-Internationaler-Archivtag-Vorlage-1-724x1024.jpg 724w, https:\/\/www.voea.at\/wp-content\/uploads\/2026\/03\/VOeA_Plakat-Internationaler-Archivtag-Vorlage-1-212x300.jpg 212w, https:\/\/www.voea.at\/wp-content\/uploads\/2026\/03\/VOeA_Plakat-Internationaler-Archivtag-Vorlage-1-768x1086.jpg 768w, https:\/\/www.voea.at\/wp-content\/uploads\/2026\/03\/VOeA_Plakat-Internationaler-Archivtag-Vorlage-1-scaled.jpg 1810w\" sizes=\"auto, (max-width: 724px) 100vw, 724px\" \/><\/figure>\n<\/div>\n\n\n\n<div class=\"wp-block-column is-layout-flow wp-block-column-is-layout-flow\">\n<p class=\"has-text-align-right\"><strong>Programm 2026<\/strong><\/p>\n\n\n\n<p class=\"has-text-align-right\">Archive der Stadt Salzburg &#8211; <a href=\"http:\/\/www.voea.at\/wp-content\/uploads\/2026\/04\/TdA_Programm_2026_freigabe-002.pdf\" target=\"_blank\" rel=\"noreferrer noopener\">kunst*voll<\/a><\/p>\n<\/div>\n<\/div>\n","protected":false},"excerpt":{"rendered":"<p>Der Vorstand des V\u00d6A l\u00e4dt alle \u00f6sterreichischen Archivinstitutionen ein, zahlreich an der Aktion &#8222;Tag der Archive&#8220; teilzunehmen! F\u00fcr die Ank\u00fcndigung Ihrer Aktivit\u00e4ten stellen wir auch 2026 wieder die Plakatvorlage des Verbandes, die ausreichend Platz f\u00fcr eigene Texte, Logos und Bilder bietet und im Sinne eines gemeinsamen Auftritts verwendet werden soll, als Word-Datei zum Download zur [&hellip;]<\/p>\n","protected":false},"author":1,"featured_media":0,"parent":0,"menu_order":0,"comment_status":"closed","ping_status":"closed","template":"","meta":{"footnotes":""},"class_list":["post-1195","page","type-page","status-publish","hentry"],"publishpress_future_action":{"enabled":false,"date":"2026-05-05 11:29:02","action":"change-status","newStatus":"draft","terms":[],"taxonomy":"","extraData":[]},"publishpress_future_workflow_manual_trigger":{"enabledWorkflows":[]},"_links":{"self":[{"href":"https:\/\/www.voea.at\/index.php\/wp-json\/wp\/v2\/pages\/1195","targetHints":{"allow":["GET"]}}],"collection":[{"href":"https:\/\/www.voea.at\/index.php\/wp-json\/wp\/v2\/pages"}],"about":[{"href":"https:\/\/www.voea.at\/index.php\/wp-json\/wp\/v2\/types\/page"}],"author":[{"embeddable":true,"href":"https:\/\/www.voea.at\/index.php\/wp-json\/wp\/v2\/users\/1"}],"replies":[{"embeddable":true,"href":"https:\/\/www.voea.at\/index.php\/wp-json\/wp\/v2\/comments?post=1195"}],"version-history":[{"count":0,"href":"https:\/\/www.voea.at\/index.php\/wp-json\/wp\/v2\/pages\/1195\/revisions"}],"wp:attachment":[{"href":"https:\/\/www.voea.at\/index.php\/wp-json\/wp\/v2\/media?parent=1195"}],"curies":[{"name":"wp","href":"https:\/\/api.w.org\/{rel}","templated":true}]}}

<p><strong>Der Vorstand des VÖA lädt alle österreichischen Archivinstitutionen ein, zahlreich an der Aktion &#8222;Tag der Archive&#8220; teilzunehmen!</strong></p>



<p>Für die Ankündigung Ihrer Aktivitäten stellen wir auch 2026 wieder die Plakatvorlage des Verbandes, die ausreichend Platz für eigene Texte, Logos und Bilder bietet und im Sinne eines gemeinsamen Auftritts verwendet werden soll, als Word-Datei zum <a href="https://www.voea.at/wp-content/uploads/2026/03/VOeA_Plakat-Internationaler-Archivtag_Webvorlage-oesterr-Archive-2026.docx" data-type="attachment" data-id="4691" target="_blank" rel="noreferrer noopener">Download</a> zur Verfügung.</p>



<p>Gerne stellen wir Ihre Einladungen und Programme zum Tag der Archive auch auf der VÖA-Homepage online. Bitte senden Sie diese dazu an <a href="mailto:sekretariat@voea.at">sekretariat@voea.at</a>. Wir freuen uns auf zahlreiche Teilnahme und wünschen allen veranstaltenden Archiven viel Erfolg und regen Zuspruch bei Ihren Aktivitäten!</p>



<div style="height:100px" aria-hidden="true" class="wp-block-spacer"></div>



<div class="wp-block-columns is-layout-flex wp-container-core-columns-is-layout-9d6595d7 wp-block-columns-is-layout-flex">
<div class="wp-block-column is-layout-flow wp-block-column-is-layout-flow">
<figure class="wp-block-image size-large"><img loading="lazy" decoding="async" width="724" height="1024" src="http://www.voea.at/wp-content/uploads/2026/03/VOeA_Plakat-Internationaler-Archivtag-Vorlage-1-724x1024.jpg" alt="" class="wp-image-4692" srcset="https://www.voea.at/wp-content/uploads/2026/03/VOeA_Plakat-Internationaler-Archivtag-Vorlage-1-724x1024.jpg 724w, https://www.voea.at/wp-content/uploads/2026/03/VOeA_Plakat-Internationaler-Archivtag-Vorlage-1-212x300.jpg 212w, https://www.voea.at/wp-content/uploads/2026/03/VOeA_Plakat-Internationaler-Archivtag-Vorlage-1-768x1086.jpg 768w, https://www.voea.at/wp-content/uploads/2026/03/VOeA_Plakat-Internationaler-Archivtag-Vorlage-1-scaled.jpg 1810w" sizes="auto, (max-width: 724px) 100vw, 724px" /></figure>
</div>



<div class="wp-block-column is-layout-flow wp-block-column-is-layout-flow">
<p class="has-text-align-right"><strong>Programm 2026</strong></p>



<p class="has-text-align-right">Archive der Stadt Salzburg &#8211; <a href="http://www.voea.at/wp-content/uploads/2026/04/TdA_Programm_2026_freigabe-002.pdf" target="_blank" rel="noreferrer noopener">kunst*voll</a></p>
</div>
</div>

<p>Der Vorstand des VÖA lädt alle österreichischen Archivinstitutionen ein, zahlreich an der Aktion &#8222;Tag der Archive&#8220; teilzunehmen! Für die Ankündigung Ihrer Aktivitäten stellen wir auch 2026 wieder die Plakatvorlage des Verbandes, die ausreichend Platz für eigene Texte, Logos und Bilder bietet und im Sinne eines gemeinsamen Auftritts verwendet werden soll, als Word-Datei zum Download zur [&hellip;]</p>
